{"id":77,"date":"2016-09-30T19:08:42","date_gmt":"2016-09-30T17:08:42","guid":{"rendered":"http:\/\/www.wha.ch\/shuttle\/?page_id=77"},"modified":"2019-05-16T09:38:56","modified_gmt":"2019-05-16T07:38:56","slug":"reservation-2","status":"publish","type":"page","link":"https:\/\/www.shuttlezone.ch\/index.php\/winterthur\/reservation-2\/","title":{"rendered":"umbau sommer 2019"},"content":{"rendered":"<h2 id=\"pageName\"><span class=\"titel\">halle 2 (felder 5-8) ab 27.05.19 vor\u00fcbergehend nicht bespielbar<\/span><\/h2>\n<div id=\"breadCrumb\">\n<h3>der asvz-power (die viberationen) schl\u00e4gt voll durch!<\/h3>\n<p>infolge eines einbaus eines tr\u00e4gers zur d\u00e4mpfung von schwingungsviberationen ist leider die halle 2 ab dem 27.05.19 vor\u00fcbergehend nicht verf\u00fcgbar. wir orientieren sie an auch an dieser stelle sobald die wiederverf\u00fcgbarkeit feststeht.<\/p>\n<p>in der zwischenzeit begr\u00fcssen wir sie herzlich auf unseren 45-minuten-feldern in der halle 1.<\/p>\n<p>gerne ist unser shuttlezone-team f\u00fcr sie da und unterst\u00fctzt sie bei ihren reservationsw\u00fcnschen<\/p>\n<p>wir danken ihnen f\u00fcr ihr verst\u00e4ndnis und w\u00fcnschen ihnen viel spass und tolle ballwechsel auf dem badmintoncourt<\/p>\n<p><img loading=\"lazy\" class=\"alignnone  wp-image-968\" src=\"http:\/\/www.shuttlezone.ch\/wp-content\/uploads\/2019\/05\/umbau19-300x200.png\" alt=\"\" width=\"447\" height=\"298\" srcset=\"https:\/\/www.shuttlezone.ch\/wp-content\/uploads\/2019\/05\/umbau19-300x200.png 300w, https:\/\/www.shuttlezone.ch\/wp-content\/uploads\/2019\/05\/umbau19-768x513.png 768w, https:\/\/www.shuttlezone.ch\/wp-content\/uploads\/2019\/05\/umbau19-1024x684.png 1024w, https:\/\/www.shuttlezone.ch\/wp-content\/uploads\/2019\/05\/umbau19-150x100.png 150w, https:\/\/www.shuttlezone.ch\/wp-content\/uploads\/2019\/05\/umbau19-31x21.png 31w, https:\/\/www.shuttlezone.ch\/wp-content\/uploads\/2019\/05\/umbau19-272x182.png 272w, https:\/\/www.shuttlezone.ch\/wp-content\/uploads\/2019\/05\/umbau19.png 1666w\" sizes=\"(max-width: 447px) 100vw, 447px\" \/><\/p>\n<h4 class=\"auto-style2\" style=\"text-align: left;\"><a href=\"http:\/\/szwi.court4you.ch\" target=\"_blank\" rel=\"noopener noreferrer\"> <span class=\"auto-style3\">hier in shuttlezone winterthur reservieren<\/span><\/a><span class=\"auto-style1\">\u00a0\u00a0\u00a0\u00a0\u00a0\u00a0\u00a0 <\/span><\/h4>\n<\/div>\n","protected":false},"excerpt":{"rendered":"<p>halle 2 (felder 5-8) ab 27.05.19 vor\u00fcbergehend nicht bespielbar der asvz-power (die viberationen) schl\u00e4gt voll durch! infolge eines einbaus eines tr\u00e4gers zur d\u00e4mpfung von schwingungsviberationen ist leider die halle 2 ab dem 27.05.19 vor\u00fcbergehend nicht verf\u00fcgbar. wir orientieren sie an auch an dieser stelle sobald die wiederverf\u00fcgbarkeit feststeht. in der\u2026<\/p>\n<p class=\"continue-reading-button\"> <a class=\"continue-reading-link\" href=\"https:\/\/www.shuttlezone.ch\/index.php\/winterthur\/reservation-2\/\">Continue reading<i class=\"crycon-right-dir\"><\/i><\/a><\/p>\n","protected":false},"author":2,"featured_media":0,"parent":26,"menu_order":40,"comment_status":"closed","ping_status":"closed","template":"","meta":[],"_links":{"self":[{"href":"https:\/\/www.shuttlezone.ch\/index.php\/wp-json\/wp\/v2\/pages\/77"}],"collection":[{"href":"https:\/\/www.shuttlezone.ch\/index.php\/wp-json\/wp\/v2\/pages"}],"about":[{"href":"https:\/\/www.shuttlezone.ch\/index.php\/wp-json\/wp\/v2\/types\/page"}],"author":[{"embeddable":true,"href":"https:\/\/www.shuttlezone.ch\/index.php\/wp-json\/wp\/v2\/users\/2"}],"replies":[{"embeddable":true,"href":"https:\/\/www.shuttlezone.ch\/index.php\/wp-json\/wp\/v2\/comments?post=77"}],"version-history":[{"count":12,"href":"https:\/\/www.shuttlezone.ch\/index.php\/wp-json\/wp\/v2\/pages\/77\/revisions"}],"predecessor-version":[{"id":974,"href":"https:\/\/www.shuttlezone.ch\/index.php\/wp-json\/wp\/v2\/pages\/77\/revisions\/974"}],"up":[{"embeddable":true,"href":"https:\/\/www.shuttlezone.ch\/index.php\/wp-json\/wp\/v2\/pages\/26"}],"wp:attachment":[{"href":"https:\/\/www.shuttlezone.ch\/index.php\/wp-json\/wp\/v2\/media?parent=77"}],"curies":[{"name":"wp","href":"https:\/\/api.w.org\/{rel}","templated":true}]}}