{"id":3435,"date":"2022-09-08T17:16:11","date_gmt":"2022-09-08T15:16:11","guid":{"rendered":"https:\/\/www.shuttlezone.ch\/?page_id=3435"},"modified":"2026-01-31T08:56:14","modified_gmt":"2026-01-31T07:56:14","slug":"chlaus-turnier-2-2","status":"publish","type":"page","link":"https:\/\/www.shuttlezone.ch\/index.php\/chlaus-turnier-2-2\/","title":{"rendered":"eltern-kind turnier winterthur"},"content":{"rendered":"<h2><\/h2>\n<h5><span style=\"color: #0000ff;\"><strong>gemeinsam spass haben<\/strong><\/span><\/h5>\n<h5><span style=\"color: #0000ff;\"><strong>ob mama oder opa, ob tante oder onkel, jung und alt erleben tolle momente beim eltern-kind turnier.<\/strong><\/span><\/h5>\n<h5><span style=\"color: #0000ff;\"><strong>sogar gotte und g\u00f6tti d\u00fcrfen zum racket greifen und mittun<br \/>\n<\/strong><\/span><br \/>\n<b>die teams werden in alters- bzw. leistungsgerechte gruppen eingeteilt, so dass nicht 8 j\u00e4hrige kinder gegen 14 j\u00e4hrige jugendliche einzel spielen m\u00fcssen<\/b><\/h5>\n<h5><span style=\"color: #0000ff;\"><strong>unser eltern-kind turnier etwas besonderes f\u00fcr die ganze familie<br \/>\n<\/strong><\/span><\/h5>\n<h5><span style=\"color: #0000ff;\"><strong>herzlich willkommen &#8211; das wird unvergesslich!<\/strong><\/span><\/h5>\n<h2><img loading=\"lazy\" class=\"alignnone wp-image-4962 size-full\" src=\"http:\/\/www.shuttlezone.ch\/wp-content\/uploads\/2026\/01\/260329_elki_1.png\" alt=\"\" width=\"900\" height=\"575\" srcset=\"https:\/\/www.shuttlezone.ch\/wp-content\/uploads\/2026\/01\/260329_elki_1.png 900w, https:\/\/www.shuttlezone.ch\/wp-content\/uploads\/2026\/01\/260329_elki_1-300x192.png 300w, https:\/\/www.shuttlezone.ch\/wp-content\/uploads\/2026\/01\/260329_elki_1-768x491.png 768w, https:\/\/www.shuttlezone.ch\/wp-content\/uploads\/2026\/01\/260329_elki_1-150x96.png 150w, https:\/\/www.shuttlezone.ch\/wp-content\/uploads\/2026\/01\/260329_elki_1-31x20.png 31w\" sizes=\"(max-width: 900px) 100vw, 900px\" \/><\/h2>\n<h2>\u00a0<strong><span style=\"color: #0000ff;\">\u00a0<span style=\"color: #d4d4d9;\">.<\/span><\/span><\/strong><\/h2>\n<p><img loading=\"lazy\" class=\"alignnone wp-image-4963 size-full\" src=\"http:\/\/www.shuttlezone.ch\/wp-content\/uploads\/2026\/01\/260329_elki_2.png\" alt=\"\" width=\"900\" height=\"619\" srcset=\"https:\/\/www.shuttlezone.ch\/wp-content\/uploads\/2026\/01\/260329_elki_2.png 900w, https:\/\/www.shuttlezone.ch\/wp-content\/uploads\/2026\/01\/260329_elki_2-300x206.png 300w, https:\/\/www.shuttlezone.ch\/wp-content\/uploads\/2026\/01\/260329_elki_2-768x528.png 768w, https:\/\/www.shuttlezone.ch\/wp-content\/uploads\/2026\/01\/260329_elki_2-150x103.png 150w, https:\/\/www.shuttlezone.ch\/wp-content\/uploads\/2026\/01\/260329_elki_2-31x21.png 31w\" sizes=\"(max-width: 900px) 100vw, 900px\" \/><\/p>\n<p>gleich hier online anmelden<\/p>\n<hr \/>\n<div class=\"wpforms-container wpforms-container-full\" id=\"wpforms-3434\"><form id=\"wpforms-form-3434\" class=\"wpforms-validate wpforms-form\" data-formid=\"3434\" method=\"post\" enctype=\"multipart\/form-data\" action=\"\/index.php\/wp-json\/wp\/v2\/pages\/3435\" data-token=\"250fa6a67b1fb22da2a98440c755b783\" data-token-time=\"1777982457\"><noscript class=\"wpforms-error-noscript\">Bitte aktiviere JavaScript in deinem Browser, um dieses Formular fertigzustellen.<\/noscript><div class=\"wpforms-field-container\"><div id=\"wpforms-3434-field_12-container\" class=\"wpforms-field wpforms-field-text\" data-field-id=\"12\"><label class=\"wpforms-field-label\" for=\"wpforms-3434-field_12\">unser teamname lautet: <span class=\"wpforms-required-label\">*<\/span><\/label><input type=\"text\" id=\"wpforms-3434-field_12\" class=\"wpforms-field-medium wpforms-field-required\" name=\"wpforms[fields][12]\" placeholder=\"w\u00e4hlen sie einen phantasienamen aus\" required><\/div><div id=\"wpforms-3434-field_0-container\" class=\"wpforms-field wpforms-field-name\" data-field-id=\"0\"><label class=\"wpforms-field-label\">name der erwachsenen person <span class=\"wpforms-required-label\">*<\/span><\/label><div class=\"wpforms-field-row wpforms-field-medium\"><div class=\"wpforms-field-row-block wpforms-first wpforms-one-half\"><input type=\"text\" id=\"wpforms-3434-field_0\" class=\"wpforms-field-name-first wpforms-field-required\" name=\"wpforms[fields][0][first]\" required><label for=\"wpforms-3434-field_0\" class=\"wpforms-field-sublabel after\">Vorname<\/label><\/div><div class=\"wpforms-field-row-block wpforms-one-half\"><input type=\"text\" id=\"wpforms-3434-field_0-last\" class=\"wpforms-field-name-last wpforms-field-required\" name=\"wpforms[fields][0][last]\" required><label for=\"wpforms-3434-field_0-last\" class=\"wpforms-field-sublabel after\">Nachname<\/label><\/div><\/div><\/div><div id=\"wpforms-3434-field_3-container\" class=\"wpforms-field wpforms-field-textarea\" data-field-id=\"3\"><label class=\"wpforms-field-label\" for=\"wpforms-3434-field_3\">adressangaben der erwachsenen person <span class=\"wpforms-required-label\">*<\/span><\/label><textarea id=\"wpforms-3434-field_3\" class=\"wpforms-field-medium wpforms-field-required\" name=\"wpforms[fields][3]\" placeholder=\"Geben sie hier ihre Adressangaben ein\" required><\/textarea><div class=\"wpforms-field-description\">strasse, plz, ort, mobilenummer f\u00fcr kurzfristige status\u00e4nderungen<\/div><\/div><div id=\"wpforms-3434-field_1-container\" class=\"wpforms-field wpforms-field-email\" data-field-id=\"1\"><label class=\"wpforms-field-label\" for=\"wpforms-3434-field_1\">email  <span class=\"wpforms-required-label\">*<\/span><\/label><input type=\"email\" id=\"wpforms-3434-field_1\" class=\"wpforms-field-medium wpforms-field-required\" name=\"wpforms[fields][1]\" spellcheck=\"false\" required><\/div><div id=\"wpforms-3434-field_14-container\" class=\"wpforms-field wpforms-field-name\" data-field-id=\"14\"><label class=\"wpforms-field-label\">name des kindes  <span class=\"wpforms-required-label\">*<\/span><\/label><div class=\"wpforms-field-row wpforms-field-medium\"><div class=\"wpforms-field-row-block wpforms-first wpforms-one-half\"><input type=\"text\" id=\"wpforms-3434-field_14\" class=\"wpforms-field-name-first wpforms-field-required\" name=\"wpforms[fields][14][first]\" required><label for=\"wpforms-3434-field_14\" class=\"wpforms-field-sublabel after\">Vorname<\/label><\/div><div class=\"wpforms-field-row-block wpforms-one-half\"><input type=\"text\" id=\"wpforms-3434-field_14-last\" class=\"wpforms-field-name-last wpforms-field-required\" name=\"wpforms[fields][14][last]\" required><label for=\"wpforms-3434-field_14-last\" class=\"wpforms-field-sublabel after\">Nachname<\/label><\/div><\/div><\/div><div id=\"wpforms-3434-field_16-container\" class=\"wpforms-field wpforms-field-radio\" data-field-id=\"16\"><label class=\"wpforms-field-label\">bitte w\u00e4hlen <span class=\"wpforms-required-label\">*<\/span><\/label><ul id=\"wpforms-3434-field_16\" class=\"wpforms-field-required\"><li class=\"choice-1 depth-1\"><input type=\"radio\" id=\"wpforms-3434-field_16_1\" name=\"wpforms[fields][16]\" value=\"Girl\" required ><label class=\"wpforms-field-label-inline\" for=\"wpforms-3434-field_16_1\">Girl<\/label><\/li><li class=\"choice-2 depth-1\"><input type=\"radio\" id=\"wpforms-3434-field_16_2\" name=\"wpforms[fields][16]\" value=\"Boy\" required ><label class=\"wpforms-field-label-inline\" for=\"wpforms-3434-field_16_2\">Boy<\/label><\/li><\/ul><\/div><div id=\"wpforms-3434-field_17-container\" class=\"wpforms-field wpforms-field-text\" data-field-id=\"17\"><label class=\"wpforms-field-label\" for=\"wpforms-3434-field_17\">Geb-Datum des Kindes (nicht \u00e4lter als 15 Jahre) <span class=\"wpforms-required-label\">*<\/span><\/label><input type=\"text\" id=\"wpforms-3434-field_17\" class=\"wpforms-field-medium wpforms-field-required\" name=\"wpforms[fields][17]\" required><\/div><div id=\"wpforms-3434-field_2-container\" class=\"wpforms-field wpforms-field-textarea\" data-field-id=\"2\"><label class=\"wpforms-field-label\" for=\"wpforms-3434-field_2\">Kommentar oder Nachricht<\/label><textarea id=\"wpforms-3434-field_2\" class=\"wpforms-field-medium\" name=\"wpforms[fields][2]\" ><\/textarea><\/div><\/div><!-- .wpforms-field-container --><div class=\"wpforms-field wpforms-field-hp\"><label for=\"wpforms-3434-field-hp\" class=\"wpforms-field-label\">Phone<\/label><input type=\"text\" name=\"wpforms[hp]\" id=\"wpforms-3434-field-hp\" class=\"wpforms-field-medium\"><\/div><div class=\"wpforms-recaptcha-container wpforms-is-recaptcha wpforms-is-recaptcha-type-invisible\" ><div class=\"g-recaptcha\" data-sitekey=\"6LfeFukUAAAAAM-O3tZr699vfvmOG_mazd1pNAtT\" data-size=\"invisible\"><\/div><\/div><div class=\"wpforms-submit-container\" ><input type=\"hidden\" name=\"wpforms[id]\" value=\"3434\"><input type=\"hidden\" name=\"page_title\" value=\"\"><input type=\"hidden\" name=\"page_url\" value=\"https:\/\/www.shuttlezone.ch\/index.php\/wp-json\/wp\/v2\/pages\/3435\"><input type=\"hidden\" name=\"url_referer\" value=\"\"><button type=\"submit\" name=\"wpforms[submit]\" id=\"wpforms-submit-3434\" class=\"wpforms-submit\" aria-live=\"assertive\" value=\"wpforms-submit\">Absenden<\/button><\/div><\/form><\/div>  <!-- .wpforms-container -->\n","protected":false},"excerpt":{"rendered":"<p>gemeinsam spass haben ob mama oder opa, ob tante oder onkel, jung und alt erleben tolle momente beim eltern-kind turnier. sogar gotte und g\u00f6tti d\u00fcrfen zum racket greifen und mittun die teams werden in alters- bzw. leistungsgerechte gruppen eingeteilt, so dass nicht 8 j\u00e4hrige kinder gegen 14 j\u00e4hrige jugendliche einzel\u2026<\/p>\n<p class=\"continue-reading-button\"> <a class=\"continue-reading-link\" href=\"https:\/\/www.shuttlezone.ch\/index.php\/chlaus-turnier-2-2\/\">Continue reading<i class=\"crycon-right-dir\"><\/i><\/a><\/p>\n","protected":false},"author":2,"featured_media":0,"parent":0,"menu_order":40,"comment_status":"closed","ping_status":"closed","template":"","meta":[],"_links":{"self":[{"href":"https:\/\/www.shuttlezone.ch\/index.php\/wp-json\/wp\/v2\/pages\/3435"}],"collection":[{"href":"https:\/\/www.shuttlezone.ch\/index.php\/wp-json\/wp\/v2\/pages"}],"about":[{"href":"https:\/\/www.shuttlezone.ch\/index.php\/wp-json\/wp\/v2\/types\/page"}],"author":[{"embeddable":true,"href":"https:\/\/www.shuttlezone.ch\/index.php\/wp-json\/wp\/v2\/users\/2"}],"replies":[{"embeddable":true,"href":"https:\/\/www.shuttlezone.ch\/index.php\/wp-json\/wp\/v2\/comments?post=3435"}],"version-history":[{"count":11,"href":"https:\/\/www.shuttlezone.ch\/index.php\/wp-json\/wp\/v2\/pages\/3435\/revisions"}],"predecessor-version":[{"id":4965,"href":"https:\/\/www.shuttlezone.ch\/index.php\/wp-json\/wp\/v2\/pages\/3435\/revisions\/4965"}],"wp:attachment":[{"href":"https:\/\/www.shuttlezone.ch\/index.php\/wp-json\/wp\/v2\/media?parent=3435"}],"curies":[{"name":"wp","href":"https:\/\/api.w.org\/{rel}","templated":true}]}}