{"id":3290,"date":"2022-08-16T09:19:50","date_gmt":"2022-08-16T07:19:50","guid":{"rendered":"http:\/\/www.shuttlezone.ch\/?page_id=3290"},"modified":"2022-08-16T23:58:35","modified_gmt":"2022-08-16T21:58:35","slug":"ic-saison-vorbereitung","status":"publish","type":"page","link":"https:\/\/www.shuttlezone.ch\/index.php\/ic-saison-vorbereitung\/","title":{"rendered":"ic saison vorbereitung"},"content":{"rendered":"<div id=\"pl-3290\"  class=\"panel-layout\" ><div id=\"pg-3290-0\"  class=\"panel-grid panel-no-style\" ><div id=\"pgc-3290-0-0\"  class=\"panel-grid-cell\" ><div id=\"panel-3290-0-0-0\" class=\"so-panel widget widget_sow-editor panel-first-child panel-last-child\" data-index=\"0\" ><div class=\"panel-widget-style panel-widget-style-for-3290-0-0-0\" ><div\n\t\t\t\n\t\t\tclass=\"so-widget-sow-editor so-widget-sow-editor-base\"\n\t\t\t\n\t\t>\n<div class=\"siteorigin-widget-tinymce textwidget\">\n\t<table style=\"border-collapse: collapse; width: 100%;\" border=\"0\">\n<tbody>\n<tr>\n<td style=\"width: 50%;\"><strong><em><span style=\"font-family: Ubuntu; font-size: 17px;\">IC Saison Vorbereitung f\u00fcr BVRZ Vereine<\/span><\/em><\/strong><\/td>\n<td style=\"width: 50%;\"><strong>Das Angebot<\/strong><\/p>\n<p>Als Unterst\u00fctzung f\u00fcr die Vorbereitung der IC Saison 22\/23 stellt shuttlezone den BVRZ-Vereinen am Samstag von 10.00 - 12.00 in beiden Centern (Winterthur und Wetzikon) zwei Spielfelder zur Verf\u00fcgung.<\/p>\n<p>Als letzter Samstag 2022 wird das Datum des 24.09.22 festgelegt.<br \/>\nSofern keine Kunden gebucht haben, k\u00f6nnen:<br \/>\n- bis zu 4 Felder standby genutzt werden.<br \/>\n- das Spielende bis 13.00 verl\u00e4ngert werden.<\/p>\n<p>Es stehen also mindesten 4 Felderstunden und maximal 12 Felderstunden pro Center zur Verf\u00fcgung<\/td>\n<\/tr>\n<tr>\n<td style=\"width: 50%;bgcolor=\"#CCFFCC\"><strong>Die Vorgaben \/ Regeln<\/strong><\/p>\n<p>Die zur Verf\u00fcgung gestellten Felder k\u00f6nnen von allen BVRZ Vereinen kostenlos genutzt werden bis zum publizierten Saisonbeginn<\/p>\n<p>Spielberechtigt sind:<\/p>\n<p>Alle SpielerInnen die auf der Vereins-Homepage mit Bild einem IC-Team zugewiesen sind.. Die Kontrolle im Center erfolgt \u00fcber dieses Bild<\/p>\n<p>Beispiel<\/p>\n<p><img loading=\"lazy\" class=\"alignnone wp-image-3316 size-medium\" src=\"http:\/\/www.shuttlezone.ch\/wp-content\/uploads\/2022\/08\/bcb_ic_1-181x300.png\" alt=\"\" width=\"181\" height=\"300\" srcset=\"https:\/\/www.shuttlezone.ch\/wp-content\/uploads\/2022\/08\/bcb_ic_1-181x300.png 181w, https:\/\/www.shuttlezone.ch\/wp-content\/uploads\/2022\/08\/bcb_ic_1-91x150.png 91w, https:\/\/www.shuttlezone.ch\/wp-content\/uploads\/2022\/08\/bcb_ic_1-16x27.png 16w, https:\/\/www.shuttlezone.ch\/wp-content\/uploads\/2022\/08\/bcb_ic_1.png 390w\" sizes=\"(max-width: 181px) 100vw, 181px\" \/><\/p>\n<p>Auf der Webseite des Vereins muss shuttlezone verlinkt sein. Ob als Unterst\u00fctzer, als G\u00f6nner, als Ort an dem man Badminton spielen kann oder in irgend einer \u00e4hnlichen Art, bleibt dem Verein \u00fcberlassen.<\/p>\n<p>&nbsp;<\/td>\n<td style=\"width: 50%;\"><strong>Der Buchungsvorgang<\/strong><\/p>\n<p>Eine verantwortliche Person des Vereins sendet auf <a href=\"mailto:info_szwi@shuttlezone.ch\">info_szwi@shuttlezone.ch<\/a> (f\u00fcr Winterthur) oder <a href=\"mailto:info_szwe@shuttlezone.ch\">info_szwe@shuttlezone.ch<\/a> (f\u00fcr Wetzikon) eine email mit dem Reservationswunsch und den Namen der SpielerInnen, an das Center.<\/p>\n<p>first in\u00a0 - first serve<\/p>\n<p>Das Center best\u00e4tigt oder sendet ab einer Anzahl SpielerInnen &gt; 8 eine Meldung zur\u00fcck wie zum Beispiel 'bereits stark belegt'.<\/p>\n<p>Alternativ kann auch auf 'Gut Gl\u00fcck' hin einfach vor Ort nachgeschaut werden.<\/p>\n<p>Die SpielerInnen organisieren sich selbst - es k\u00f6nnen beliebig viele SpielerInnen die vorhandenen Felder nach eigenem Gutd\u00fcnken nutzen. Das Personal des Centers \u00fcbernimmt keine Zuteilungsfunktion<\/td>\n<\/tr>\n<\/tbody>\n<\/table>\n<\/div>\n<\/div><\/div><\/div><\/div><\/div><\/div>","protected":false},"excerpt":{"rendered":"<p>IC Saison Vorbereitung f\u00fcr BVRZ Vereine Das Angebot Als Unterst\u00fctzung f\u00fcr die Vorbereitung der IC Saison 22\/23 stellt shuttlezone den BVRZ-Vereinen am Samstag von 10.00 &#8211; 12.00 in beiden Centern (Winterthur und Wetzikon) zwei Spielfelder zur Verf\u00fcgung. Als letzter Samstag 2022 wird das Datum des 24.09.22 festgelegt. Sofern keine Kunden\u2026<\/p>\n<p class=\"continue-reading-button\"> <a class=\"continue-reading-link\" href=\"https:\/\/www.shuttlezone.ch\/index.php\/ic-saison-vorbereitung\/\">Continue reading<i class=\"crycon-right-dir\"><\/i><\/a><\/p>\n","protected":false},"author":2,"featured_media":0,"parent":0,"menu_order":30,"comment_status":"closed","ping_status":"closed","template":"","meta":[],"_links":{"self":[{"href":"https:\/\/www.shuttlezone.ch\/index.php\/wp-json\/wp\/v2\/pages\/3290"}],"collection":[{"href":"https:\/\/www.shuttlezone.ch\/index.php\/wp-json\/wp\/v2\/pages"}],"about":[{"href":"https:\/\/www.shuttlezone.ch\/index.php\/wp-json\/wp\/v2\/types\/page"}],"author":[{"embeddable":true,"href":"https:\/\/www.shuttlezone.ch\/index.php\/wp-json\/wp\/v2\/users\/2"}],"replies":[{"embeddable":true,"href":"https:\/\/www.shuttlezone.ch\/index.php\/wp-json\/wp\/v2\/comments?post=3290"}],"version-history":[{"count":49,"href":"https:\/\/www.shuttlezone.ch\/index.php\/wp-json\/wp\/v2\/pages\/3290\/revisions"}],"predecessor-version":[{"id":3341,"href":"https:\/\/www.shuttlezone.ch\/index.php\/wp-json\/wp\/v2\/pages\/3290\/revisions\/3341"}],"wp:attachment":[{"href":"https:\/\/www.shuttlezone.ch\/index.php\/wp-json\/wp\/v2\/media?parent=3290"}],"curies":[{"name":"wp","href":"https:\/\/api.w.org\/{rel}","templated":true}]}}