{"id":1494,"date":"2020-02-17T18:05:17","date_gmt":"2020-02-17T17:05:17","guid":{"rendered":"http:\/\/www.shuttlezone.ch\/?page_id=1494"},"modified":"2020-02-25T21:40:00","modified_gmt":"2020-02-25T20:40:00","slug":"lunch-time-badminton-aktion-nachbarn","status":"publish","type":"page","link":"https:\/\/www.shuttlezone.ch\/index.php\/lunch-time-badminton-aktion-nachbarn\/","title":{"rendered":"lunch time badminton &#8211; aktion nachbarn"},"content":{"rendered":"<div id=\"pl-1494\"  class=\"panel-layout\" ><div id=\"pg-1494-0\"  class=\"panel-grid panel-has-style\" ><div class=\"panel-row-style panel-row-style-for-1494-0\" ><div id=\"pgc-1494-0-0\"  class=\"panel-grid-cell\" ><div id=\"panel-1494-0-0-0\" class=\"so-panel widget widget_sow-editor panel-first-child panel-last-child\" data-index=\"0\" ><div\n\t\t\t\n\t\t\tclass=\"so-widget-sow-editor so-widget-sow-editor-base\"\n\t\t\t\n\t\t>\n<div class=\"siteorigin-widget-tinymce textwidget\">\n\t<h6><\/h6>\n<h4><strong><span style=\"color: #ff0000;\">lunch time badminton - unsere kennenlern-aktion f\u00fcr nachbarn<\/span><\/strong><\/h4>\n<h5><strong>arbeiten sie und ihr team in unserer n\u00e4he?<\/strong><\/h5>\n<p>&nbsp;<\/p>\n<p>dann k\u00f6nnten sie als firma \/ team \u00fcber die mittagszeit etwas schwungvoll gesundes tun.<\/p>\n<p>wir laden sie gerne zu einem probe mittagspower ein<\/p>\n<p><strong>es erwartet sie:<\/strong><br \/>\n- 45 minuten spielplausch auf dem badmintonfeld an einem montag, dienstag oder donnerstag<br \/>\n- sofern sie keine badmintonausr\u00fcstung besitzen, erhalten sie von uns rackets und und shuttles<br \/>\n- falls sie m\u00f6chten, erkl\u00e4ren wir ihnen kurz die regeln und geben ihnen den einen oder anderen tipp<\/p>\n<p>haben sie lust? dann f\u00fcllen sie einfach das unten stehende formular mit ihren wunschterminen aus und wir nehmen kontakt mit ihnen auf<\/p>\n<p>&nbsp;<\/p>\n<\/div>\n<\/div><\/div><\/div><\/div><\/div><div id=\"pg-1494-1\"  class=\"panel-grid panel-has-style\" ><div class=\"panel-row-style panel-row-style-for-1494-1\" ><div id=\"pgc-1494-1-0\"  class=\"panel-grid-cell\" ><div id=\"panel-1494-1-0-0\" class=\"so-panel widget widget_sow-editor panel-first-child panel-last-child\" data-index=\"1\" ><div\n\t\t\t\n\t\t\tclass=\"so-widget-sow-editor so-widget-sow-editor-base\"\n\t\t\t\n\t\t>\n<div class=\"siteorigin-widget-tinymce textwidget\">\n\t<h6><div class=\"wpforms-container wpforms-container-full\" id=\"wpforms-1504\"><form id=\"wpforms-form-1504\" class=\"wpforms-validate wpforms-form\" data-formid=\"1504\" method=\"post\" enctype=\"multipart\/form-data\" action=\"\/index.php\/wp-json\/wp\/v2\/pages\/1494\" data-token=\"1dcc9ff2231e111fb18a3f424e028830\" data-token-time=\"1777466763\"><noscript class=\"wpforms-error-noscript\">Bitte aktiviere JavaScript in deinem Browser, um dieses Formular fertigzustellen.<\/noscript><div class=\"wpforms-field-container\"><div id=\"wpforms-1504-field_7-container\" class=\"wpforms-field wpforms-field-checkbox\" data-field-id=\"7\"><label class=\"wpforms-field-label\">(mehrfach auswahl ist m\u00f6glich)<\/label><ul id=\"wpforms-1504-field_7\"><li class=\"choice-1 depth-1\"><input type=\"checkbox\" id=\"wpforms-1504-field_7_1\" name=\"wpforms[fields][7][]\" value=\"wir kommen gerne an einem montag\"  ><label class=\"wpforms-field-label-inline\" for=\"wpforms-1504-field_7_1\">wir kommen gerne an einem montag<\/label><\/li><li class=\"choice-2 depth-1\"><input type=\"checkbox\" id=\"wpforms-1504-field_7_2\" name=\"wpforms[fields][7][]\" value=\"wir kommen gerne an einem dienstag\"  ><label class=\"wpforms-field-label-inline\" for=\"wpforms-1504-field_7_2\">wir kommen gerne an einem dienstag<\/label><\/li><li class=\"choice-3 depth-1\"><input type=\"checkbox\" id=\"wpforms-1504-field_7_3\" name=\"wpforms[fields][7][]\" value=\"wir kommen gerne an einem donnerstag\"  ><label class=\"wpforms-field-label-inline\" for=\"wpforms-1504-field_7_3\">wir kommen gerne an einem donnerstag<\/label><\/li><\/ul><\/div><div id=\"wpforms-1504-field_10-container\" class=\"wpforms-field wpforms-field-text\" data-field-id=\"10\"><label class=\"wpforms-field-label\" for=\"wpforms-1504-field_10\">wunschdatum 1 \/ wunschdatum 2 <span class=\"wpforms-required-label\">*<\/span><\/label><input type=\"text\" id=\"wpforms-1504-field_10\" class=\"wpforms-field-medium wpforms-field-required\" name=\"wpforms[fields][10]\" required><div class=\"wpforms-field-description\">geben sie hier bitte ihre beiden wunschdaten ein<\/div><\/div><div id=\"wpforms-1504-field_8-container\" class=\"wpforms-field wpforms-field-text\" data-field-id=\"8\"><label class=\"wpforms-field-label\" for=\"wpforms-1504-field_8\">Firma \/ Team <span class=\"wpforms-required-label\">*<\/span><\/label><input type=\"text\" id=\"wpforms-1504-field_8\" class=\"wpforms-field-medium wpforms-field-required\" name=\"wpforms[fields][8]\" required><\/div><div id=\"wpforms-1504-field_11-container\" class=\"wpforms-field wpforms-field-textarea\" data-field-id=\"11\"><label class=\"wpforms-field-label\" for=\"wpforms-1504-field_11\">adressangaben<\/label><textarea id=\"wpforms-1504-field_11\" class=\"wpforms-field-medium\" name=\"wpforms[fields][11]\" ><\/textarea><div class=\"wpforms-field-description\">abteilung, strasse, ort<\/div><\/div><div id=\"wpforms-1504-field_2-container\" class=\"wpforms-field wpforms-field-name\" data-field-id=\"2\"><label class=\"wpforms-field-label\">Name <span class=\"wpforms-required-label\">*<\/span><\/label><div class=\"wpforms-field-row wpforms-field-medium\"><div class=\"wpforms-field-row-block wpforms-first wpforms-one-half\"><input type=\"text\" id=\"wpforms-1504-field_2\" class=\"wpforms-field-name-first wpforms-field-required\" name=\"wpforms[fields][2][first]\" required><label for=\"wpforms-1504-field_2\" class=\"wpforms-field-sublabel after\">Vorname<\/label><\/div><div class=\"wpforms-field-row-block wpforms-one-half\"><input type=\"text\" id=\"wpforms-1504-field_2-last\" class=\"wpforms-field-name-last wpforms-field-required\" name=\"wpforms[fields][2][last]\" required><label for=\"wpforms-1504-field_2-last\" class=\"wpforms-field-sublabel after\">Nachname<\/label><\/div><\/div><\/div><div id=\"wpforms-1504-field_4-container\" class=\"wpforms-field wpforms-field-email\" data-field-id=\"4\"><label class=\"wpforms-field-label\" for=\"wpforms-1504-field_4\">E-Mail <span class=\"wpforms-required-label\">*<\/span><\/label><input type=\"email\" id=\"wpforms-1504-field_4\" class=\"wpforms-field-medium wpforms-field-required\" name=\"wpforms[fields][4]\" spellcheck=\"false\" required><\/div><div id=\"wpforms-1504-field_6-container\" class=\"wpforms-field wpforms-field-text\" data-field-id=\"6\"><label class=\"wpforms-field-label\" for=\"wpforms-1504-field_6\">telefonische erreichbarkeit<\/label><input type=\"text\" id=\"wpforms-1504-field_6\" class=\"wpforms-field-medium\" name=\"wpforms[fields][6]\" ><div class=\"wpforms-field-description\">gerne rufen wir sie auch an und erl\u00e4utern ihnen noch viel mehr m\u00f6glichkeiten und die vorteile eines fixplatzes<\/div><\/div><div id=\"wpforms-1504-field_5-container\" class=\"wpforms-field wpforms-field-text\" data-field-id=\"5\"><label class=\"wpforms-field-label\" for=\"wpforms-1504-field_5\">kommentar \/ fragen \/ w\u00fcnsche<\/label><input type=\"text\" id=\"wpforms-1504-field_5\" class=\"wpforms-field-medium\" name=\"wpforms[fields][5]\" ><\/div><\/div><!-- .wpforms-field-container --><div class=\"wpforms-field wpforms-field-hp\"><label for=\"wpforms-1504-field-hp\" class=\"wpforms-field-label\">Phone<\/label><input type=\"text\" name=\"wpforms[hp]\" id=\"wpforms-1504-field-hp\" class=\"wpforms-field-medium\"><\/div><div class=\"wpforms-recaptcha-container wpforms-is-recaptcha wpforms-is-recaptcha-type-invisible\" ><div class=\"g-recaptcha\" data-sitekey=\"6LfeFukUAAAAAM-O3tZr699vfvmOG_mazd1pNAtT\" data-size=\"invisible\"><\/div><\/div><div class=\"wpforms-submit-container\" ><input type=\"hidden\" name=\"wpforms[id]\" value=\"1504\"><input type=\"hidden\" name=\"page_title\" value=\"\"><input type=\"hidden\" name=\"page_url\" value=\"https:\/\/www.shuttlezone.ch\/index.php\/wp-json\/wp\/v2\/pages\/1494\"><input type=\"hidden\" name=\"url_referer\" value=\"\"><button type=\"submit\" name=\"wpforms[submit]\" id=\"wpforms-submit-1504\" class=\"wpforms-submit\" data-alt-text=\"Senden...\" data-submit-text=\"Absenden\" aria-live=\"assertive\" value=\"wpforms-submit\">Absenden<\/button><\/div><\/form><\/div>  <!-- .wpforms-container --><\/h6>\n<\/div>\n<\/div><\/div><\/div><\/div><\/div><div id=\"pg-1494-2\"  class=\"panel-grid panel-has-style\" ><div class=\"panel-row-style panel-row-style-for-1494-2\" ><div id=\"pgc-1494-2-0\"  class=\"panel-grid-cell\" ><div id=\"panel-1494-2-0-0\" class=\"so-panel widget widget_sow-editor panel-first-child panel-last-child\" data-index=\"2\" ><div\n\t\t\t\n\t\t\tclass=\"so-widget-sow-editor so-widget-sow-editor-base\"\n\t\t\t\n\t\t>\n<div class=\"siteorigin-widget-tinymce textwidget\">\n\t<h6><\/h6>\n<h4>zur bek\u00e4mpfung des grossen durstes oder des kleinen hungers steht ihnen unser bistrosortiment zur verf\u00fcgung - fragen sie unser fachpersonal, oder lassen sie sich von unseren badmintonapothekern beraten \ud83d\ude09<\/h4>\n<p>Falls wir in unserem sortiment etwas nicht f\u00fchren, das sie gerne \u00fcber die mittagszeit bei uns konsumieren m\u00f6chten, sende sie uns bitte eine nachricht auf info_szwe@shuttlezone.ch (wetzikon) oder info_szwi@shuttlezone.ch (winterthur)<\/p>\n<\/div>\n<\/div><\/div><\/div><\/div><\/div><\/div>","protected":false},"excerpt":{"rendered":"<p>lunch time badminton &#8211; unsere kennenlern-aktion f\u00fcr nachbarn arbeiten sie und ihr team in unserer n\u00e4he? &nbsp; dann k\u00f6nnten sie als firma \/ team \u00fcber die mittagszeit etwas schwungvoll gesundes tun. wir laden sie gerne zu einem probe mittagspower ein es erwartet sie: &#8211; 45 minuten spielplausch auf dem badmintonfeld\u2026<\/p>\n<p class=\"continue-reading-button\"> <a class=\"continue-reading-link\" href=\"https:\/\/www.shuttlezone.ch\/index.php\/lunch-time-badminton-aktion-nachbarn\/\">Continue reading<i class=\"crycon-right-dir\"><\/i><\/a><\/p>\n","protected":false},"author":2,"featured_media":0,"parent":0,"menu_order":10,"comment_status":"closed","ping_status":"closed","template":"","meta":[],"_links":{"self":[{"href":"https:\/\/www.shuttlezone.ch\/index.php\/wp-json\/wp\/v2\/pages\/1494"}],"collection":[{"href":"https:\/\/www.shuttlezone.ch\/index.php\/wp-json\/wp\/v2\/pages"}],"about":[{"href":"https:\/\/www.shuttlezone.ch\/index.php\/wp-json\/wp\/v2\/types\/page"}],"author":[{"embeddable":true,"href":"https:\/\/www.shuttlezone.ch\/index.php\/wp-json\/wp\/v2\/users\/2"}],"replies":[{"embeddable":true,"href":"https:\/\/www.shuttlezone.ch\/index.php\/wp-json\/wp\/v2\/comments?post=1494"}],"version-history":[{"count":15,"href":"https:\/\/www.shuttlezone.ch\/index.php\/wp-json\/wp\/v2\/pages\/1494\/revisions"}],"predecessor-version":[{"id":1586,"href":"https:\/\/www.shuttlezone.ch\/index.php\/wp-json\/wp\/v2\/pages\/1494\/revisions\/1586"}],"wp:attachment":[{"href":"https:\/\/www.shuttlezone.ch\/index.php\/wp-json\/wp\/v2\/media?parent=1494"}],"curies":[{"name":"wp","href":"https:\/\/api.w.org\/{rel}","templated":true}]}}